 2*i = 2 + 2, 4*m = 2*i + t. Suppose 0*n - 5 = -3*k - 2*n, -m*k - 2*n = 0. List the prime factors of k.
5
Suppose -2*d = -5*d - 5*n + 20, -3*n = 3*d - 24. Let k = -3 + d. List the prime factors of k.
7
Suppose -4*f + 152 = -4*q, -f = -4*q - 59 + 15. What are the prime factors of f?
2, 3
Let n(w) = -5*w + 2. What are the prime factors of n(-12)?
2, 31
Let b = -6 + 10. Suppose 10 = b*y - 26. List the prime factors of y.
3
Let u = 13 - 7. Let p be (-6)/4*(-16)/u. Suppose d - 2*s - 63 = -p*d, -4*d + 5*s = -64. What are the prime factors of d?
11
Let y be 9/6*(-12)/(-9). Let v be (1/(-2))/((-3)/78). Let j = y + v. List the prime factors of j.
3, 5
Let y(c) = 3*c + 3. Let j be y(-4). Let t = j - -4. Let n = t + 14. List the prime factors of n.
3
List the prime factors of 6/90*6 + 488/5.
2, 7
Let g = -43 + 72. List the prime factors of g.
29
Let y(f) = 2*f**2 + 5*f**2 - 2*f + 0*f**3 + 9 + 0*f + f**3. List the prime factors of y(-7).
23
Suppose -32 = -4*h + 4*v, -h + 4*v + 5 + 6 = 0. Let i be h - (-1)/(-2)*6. Suppose -3*s + 30 = -2*l - 9, i*s = 5*l + 45. What are the prime factors of s?
3, 5
Let c = -39 - -71. What are the prime factors of c?
2
Let a be 6/1*4/6. Suppose -a*y - 56 = -8. List the prime factors of (y/(-10))/((-4)/(-20)).
2, 3
Let g(p) = -p**3 - 3*p**2 + 14*p - 2. What are the prime factors of g(-6)?
2, 11
Let z(w) = w**3 + 7*w**2 - w - 3. Let l be z(-7). Suppose l*h - 19 - 9 = 0. List the prime factors of h.
7
Let j be 3/((-3 - 0)*-1). List the prime factors of (j - -2) + (7 - -45).
5, 11
Suppose 0 = 3*s - 5*n - 91, -2*s = -n - 43 - 13. What are the prime factors of s?
3
Suppose 0 = 3*o + 15, -5*g - 2*o + 510 = -0*g. Suppose -c + 24 = s, c = -3*c - 2*s + g. List the prime factors of c.
2, 7
Let h = 82 + -12. List the prime factors of h.
2, 5, 7
Let b(s) = -s**3 - 7*s**2 + 4*s - 8. What are the prime factors of b(-8)?
2, 3
Let i(a) be the first derivative of 2*a**3/3 + a**2 + 2*a + 1. Suppose 3*p = 5*t + 9, -5*p - 21 = 4*t + 1. What are the prime factors of i(p)?
2, 3
Suppose 2 = o - 2. Let g be 1/4 - 1/o. Suppose -2*u - j + 3 = g, -6*u + 18 = -u - j. List the prime factors of u.
3
Suppose -3*k + 3*q + 584 = k, 0 = 5*k - 4*q - 731. Suppose 4*o - 49 - k = 0. List the prime factors of o.
2, 3
Let k be 4/(-5)*(-15)/6. Suppose -h = -0*h - k. Suppose -h*m + 6*m - 40 = 0. What are the prime factors of m?
2, 5
Let j(k) = 3*k**2 + k. What are the prime factors of j(1)?
2
Let w be (-3)/((-1)/4*-6). Let h be (0/(-1))/(-4 - w). Suppose 0 = -v - h*v + 6. List the prime factors of v.
2, 3
Let j(p) = -p**2 - 14*p - 18. What are the prime factors of j(-12)?
2, 3
Let l = 2 + -18. Let t = l + 29. List the prime factors of t.
13
Let w = -83 + 284. List the prime factors of w.
3, 67
Let n be (-3)/1 - 2*1. Let j(v) = v**2 - 7. Let a be j(n). Let o = a - 6. What are the prime factors of o?
2, 3
Let s be (-2)/(3*4/336). Let q = s - -98. List the prime factors of q.
2, 3, 7
Let n(t) be the third derivative of t**6/120 - t**5/60 - t**4/6 - t**3/2 - 2*t**2. Let u be n(-3). Let k = -19 - u. List the prime factors of k.
2
Suppose -2*w + 73 = -45. List the prime factors of w.
59
Let t = -7 + 0. Let l = t - -10. Suppose l + 3 = j. List the prime factors of j.
2, 3
Let k = 3 + -3. Suppose -3*a = k, 3*q - 5*a = -10 + 25. List the prime factors of q.
5
Let d(b) = -b**2 - 7*b - 5. Let a be d(-6). Suppose -3*f - 3*p + 19 - a = 0, 0 = -4*p + 12. What are the prime factors of f?
3
Let g(i) = i**2 + i - 1. Let y be -8*(9/12 + 0). Let f = -9 - y. What are the prime factors of g(f)?
5
Let q(z) = 2*z**2 - 2*z + 1. Let j be q(-5). Suppose -y + 4*y = k + 77, -5*k = -3*y + j. What are the prime factors of y?
3
Let w(j) = j**3 + 10*j**2 - 9*j - 8. Let m be w(-11). Let c = m + 67. List the prime factors of c.
37
Let b = -12 + 44. What are the prime factors of b?
2
Let c = 14 + 0. List the prime factors of c.
2, 7
List the prime factors of (155/(-5))/((-1)/2).
2, 31
Let k(n) = -2*n + 1. Let v be k(-5). Suppose -5*a + f + 174 = 0, -a - 2*f - v + 48 = 0. What are the prime factors of a?
5, 7
Let a(z) = -15*z**3 - z**2 - z - 1. Let f(w) = w**2 - 2*w - 1. Let g be f(2). What are the prime factors of a(g)?
2, 7
Suppose 2 = 5*k - 18. Let i = 10 - k. List the prime factors of i.
2, 3
Let v = 13 - -30. Let i = v + -14. List the prime factors of i.
29
Suppose 0 = -5*h + h + 64. Suppose -3*d = -7*d - h. What are the prime factors of d/14 + (-46)/(-14)?
3
Let u(b) = b - 8. Let k be u(0). Let w = 15 + k. Let h = w - 3. What are the prime factors of h?
2
Let h(r) = -4*r**3 - 3*r**2 - 3. What are the prime factors of h(-3)?
2, 3, 13
Let p = 7 + 49. Suppose -4*i + 40 = -p. What are the prime factors of i?
2, 3
Let b(q) = q**3 - 2*q**2 - q - 2. Let l be b(3). Suppose -18 = -l*p + 6. What are the prime factors of p?
2, 3
Suppose -2*o = -38 + 14. What are the prime factors of o?
2, 3
Let z(d) = -3*d**3 + 4*d**2 - 3*d + 1. List the prime factors of z(-3).
127
Let q be (-1248)/(-30) - 4/(-10). Let h = q - 25. What are the prime factors of h?
17
Let n be 1 + 2 + (-6)/(-3). Suppose -3*l = n*d - 20, -d = -2*l - 2*d + 25. Suppose -l + 54 = 3*c. List the prime factors of c.
13
Suppose 4*d = 4*f - 12 + 4, -2*f - d + 16 = 0. Suppose 0 = -5*s - 3*j + 80, -s + 11 = j - 7. Let m = s - f. List the prime factors of m.
7
Let w be -1*(0 + -1 - 2). Suppose 4*l = l + w. List the prime factors of l - (-7 + (-1 - -3)).
2, 3
Suppose -2*z - 2*k - 11 = -7*k, 5*k + 1 = -2*z. Let t(g) be the first derivative of -g**3/3 - 5*g**2/2 - 3*g - 1. List the prime factors of t(z).
3
Let p(w) = -w + 4. List the prime factors of p(-10).
2, 7
Suppose d - 13 - 1 = 0. What are the prime factors of d?
2, 7
Let w = 13 + -16. List the prime factors of 395/15 + 1/w.
2, 13
Let z = 4 - 6. Suppose -3*o + 5*d - 1 = 0, o + 2*d - 5 - 2 = 0. What are the prime factors of (z - o)*12/(-5)?
2, 3
Let g = 31 + -33. Let n(s) = 6*s**3 + 3*s**2 - 2*s. Let l(p) = 7*p**3 + 4*p**2 - 2*p. Let h(x) = 5*l(x) - 6*n(x). What are the prime factors of h(g)?
2, 3
List the prime factors of (89/(-3))/(7/(-21)).
89
Let j(m) = 2*m**2 + 2*m - 1. Let d be 4/14 + 46/(-14). What are the prime factors of j(d)?
11
Let j(x) = 9*x + 15. What are the prime factors of j(6)?
3, 23
Let b = -48 - -68. What are the prime factors of b?
2, 5
Let r(y) = 2*y**2 - 3*y + 1. Let v be r(2). Suppose -2*a + 14 = q, 2*a - v*q = 3 + 19. List the prime factors of a.
2
Suppose -49 = 2*q - 3*y, 0 = 3*q - 6*q - 3*y - 36. Let d = 26 - q. List the prime factors of d.
43
Let k be 3 - -2 - 5/5. Suppose 0 = n + 5*m - 34, -k*n + 3*m + 11 = -2*m. What are the prime factors of n?
3
Let c be ((-23)/4)/((-1)/4). Let m = -10 + c. Suppose g + 4 = m. List the prime factors of g.
3
Let v = 4 + -3. Let k be (9/15)/(v/5). Suppose -5*w = -k*o + 46, 3*o - o - 24 = 2*w. What are the prime factors of o?
7
Let k(h) = h**2 + h - 1. Let p be k(2). Suppose 4 = -o + 3*w, 0 = 5*w - p. List the prime factors of o/(-4) - (-140)/16.
3
Suppose 4*z + 8 = 8*z. Suppose 7 + 18 = 3*w - z*t, 4*w = -4*t. What are the prime factors of ((-8)/10)/((-1)/w)?
2
What are the prime factors of (-8)/(1 + (-5)/4)?
2
Let a = 63 + 99. List the prime factors of a/21 + (-4)/(-14).
2
Let h = -16 + 16. Suppose h - 3 = -o. List the prime factors of o.
3
Suppose -5*q - 3*v = -897, 2*q + 3*q - 893 = -2*v. Let x = 83 - q. What are the prime factors of x/(-8) + (-1)/(-4)?
2, 3
Suppose 4*m - m = -3*o + 18, 3*o = -4*m + 20. Suppose -13 = -o*g + 3. List the prime factors of g.
2
Let w = -53 + 81. What are the prime factors of w?
2, 7
Let i be (0 + 2)/((-12)/30). Let z = -1 - i. Suppose 8 = z*k - 0*k. What are the prime factors of k?
2
Suppose 2 = -r + 26. List the prime factors of r.
2, 3
Let i be 1*(4 + -1 + 0). Suppose -5*h + 2*v + 57 = -11, 0 = 4*h - i*v - 53. What are the prime factors of h?
2, 7
Let i(s) = s**3 - s**2 + s - 2. Let k be i(2). What are the prime factors of (-57)/(-4) + k/(-16)?
2, 7
Suppose 0 = -7*t - 526 + 1709. What are the prime factors of t?
13
Let p be (24/(-9))/(-2)*3. Suppose -5*x - 5 = 0, -7*s = -p*s + 3*x - 6. What are the prime factors of s - 1 - (-1 - 7)?
2, 5
Let k be (-5 + (0 - 0))*-5. Suppose 0 = h - 10 - k. What are the prime factors of h?
5, 7
Let x = 9 + -9. List the prime factors of 1*(x + -1)*-15.
3, 5
Suppose -3*r = f 